*y**2 + 16*y - 64. Let r be i(-10). Calculate the greatest common factor of r and 32.
32
Suppose -3*a = -9*a - 2448. Let b = -104 - a. Let o = b - 64. Calculate the highest common factor of o and 15.
15
Suppose 29*a - 153 = 46*a. Let f be (-406)/a + (-9)/81. Let s(c) = -90*c**3 - c - 1. Let t be s(-1). What is the highest common factor of t and f?
45
Suppose -31*u + 17*u = -98. Let d be u + 3 + 13 + 5. Let m be -1 - (-1 + -2) - -194. What is the highest common factor of d and m?
28
Suppose 5*y - 340 = 2*w, 50*y - 3*w = 55*y - 365. What is the greatest common divisor of y and 966?
14
Let v be (4/48*4)/((-3)/(-207)). Let m(t) = 2*t**2 + 15 - 3*t**2 + 307*t - 281*t. Let h be m(v). Calculate the highest common factor of 12 and h.
12
Let b(g) = 2*g**2 + g - 16. Let c be b(-4). Let v = 17 - c. Suppose 2*r + 0*r - 31 = -v*j, -4*j + 11 = -3*r. Calculate the greatest common divisor of 10 and j.
5
Suppose -r - 5*z + 8*z = -24807, 5*z + 74417 = 3*r. Calculate the highest common divisor of r and 702.
234
Let h be 18611/444 - (-4)/48. Let v(b) = 18*b + 12. Let o be v(11). Calculate the greatest common divisor of o and h.
42
Let n be 1/(-4) - 21/12. Let a be 8 - (-4 + n + 2). What is the highest common divisor of a and 4?
4
Let t be (-5 + 2)*(-200)/24. Let v be 2/1 + 2 + 221. What is the greatest common factor of t and v?
25
Suppose -2*q - 271 = -3*o + 3155, 5*q = 4*o - 4575. Suppose 292*i - 273*i = o. Suppose 3*h = 2*h + 15. Calculate the highest common divisor of h and i.
15
Suppose -6*g + 6 + 6 = 0. Suppose g*m - 11*m = -216. What is the greatest common divisor of m and 180?
12
Suppose z + 24 = 4*z. Let l = -1461 - -834. Let j = l + 667. Calculate the greatest common factor of z and j.
8
Let d be 130/(-104) + 27/(-4). Let u be 4/((-48)/(-99))*(16 + d). Calculate the highest common divisor of u and 154.
22
Let o(t) = -t**3 - 4*t**2 + 6*t - 11. Let v be o(-8). Let l = -14 + v. Calculate the greatest common factor of 305 and l.
61
Let a = 3217 + -3142. Let s = -3 + 33. Calculate the highest common factor of a and s.
15
Suppose -6*d - 242 - 28 = 0. Let b = d - -46. Suppose 3*q + 0*q - 5*a + b = 0, -3*q = a - 11. What is the greatest common divisor of 3 and q?
3
Suppose 3*s = 4*s - 24. Let k = 83 + -146. Let b = -27 - k. Calculate the highest common divisor of s and b.
12
Let a(y) = -14*y + 5. Let j be a(-64). What is the greatest common divisor of 238 and j?
17
Let q(k) = -274*k - 2703. Let a be q(-25). What is the greatest common divisor of a and 26?
13
Let h be 33*7 - 0/1. Let r be (-12)/39 + (-12465)/(-585). What is the highest common divisor of h and r?
21
Let r(f) = f**3 - 28*f**2 + f + 1452. Let p be r(0). Calculate the greatest common divisor of 77 and p.
11
Let x = 5173 - 4436. Calculate the highest common factor of x and 67.
67
Let a = 351 + -348. Suppose -a*s + 1879 = -59. What is the greatest common factor of 34 and s?
34
Suppose -5*q = -c + 725, 2*c = -3*q - 14 + 1425. What is the highest common divisor of c and 20?
10
Let n be -1*-17*(-16)/(-1). Let b = 34 + -18. Calculate the greatest common factor of n and b.
16
Let x be (-2 - 194/2)*1/3*-153. Calculate the highest common factor of x and 6.
3
Let x(z) = -z**3 + 9*z**2 + 8*z + 14. Let f be x(10). Let l be 6/27*f*78/(-4). Calculate the greatest common factor of 52 and l.
26
Let w be 11092/42 + (-140)/1470. Suppose -5 = 5*f + 4*u - 20, -12 = -4*f + 5*u. Suppose -f*g = 47 - 119. What is the greatest common divisor of g and w?
24
Suppose -7225 = -19*m - 12*m - 498. Calculate the highest common factor of 14 and m.
7
Let z be 500/(-6)*(6 - 3)*-1. Suppose -9*j = -14*j + z. Calculate the highest common divisor of j and 25.
25
Let a be (-1 + (0 - 3/6))*-2. Suppose -2*h - 5*p + 239 = 0, 2*p - 173 = -a*h + 180. Suppose 36 = 3*k + k. Calculate the highest common factor of k and h.
9
Let a(c) = -2*c**3 + 72*c**2 + 2*c - 52. Let m be a(36). Suppose 0 = m*o - 32*o + 216. What is the highest common divisor of 288 and o?
18
Suppose -3*w + 186 = 5*p, 136 = -7*p + 11*p - 4*w. Let f(j) = j**2 - 10*j - 261. Let u be f(p). Calculate the highest common factor of 27 and u.
27
Let i(a) = a**2 - 2*a + 1. Let l be i(3). Suppose -2944 = 3329*x - 3352*x. Calculate the greatest common divisor of l and x.
4
Suppose 0 = -4*m + 7*m + 3*m - 3570. Calculate the greatest common factor of m and 210.
35
Let r(s) = -32*s**3 + s**2 + s. Let b be r(-1). Suppose -84201 = -500*t - 12201. What is the highest common factor of t and b?
16
Suppose 0 = 56*h - 12 - 1780. Let x be (-639)/(-4) - 1/(-4). What is the highest common divisor of x and h?
32
Let z(r) = 51*r - 6. Let n be z(4). Let j(o) = o - 8 + 18*o**2 + 14 - 7*o. Let v be j(1). What is the greatest common factor of n and v?
18
Let j = 14 + 12. Suppose -650 = 4*r + 42. Let n = -108 - r. Calculate the highest common divisor of j and n.
13
Suppose -2 = -u + 32. Suppose -3*x + 4*w = -u, 5*x = -0*x - 4*w + 78. Suppose 67*i = 36*i + 651. Calculate the greatest common divisor of i and x.
7
Suppose -23 = -4*k - 3*a - 103, 5*a = 0. Let j be -2*(-5)/k*-2. Let s(o) = 57*o + 3. Let b be s(j). What is the greatest common factor of 12 and b?
12
Let w be (-1)/5 + (-176)/(-55). Let x be 65/w + 4/(-6). Let i(k) = 6*k**2 + 15*k - 9. Let t be i(4). What is the greatest common divisor of t and x?
21
Let i = 16719 - 16474. What is the greatest common factor of i and 3115?
35
Let c = 29580 - 29556. Calculate the greatest common divisor of c and 3948.
12
Let j(d) = 301*d**2 + 8*d - 3. Let a be j(-1). Calculate the greatest common divisor of a and 1305.
145
Let o(n) = 9*n**2 - 117*n + 28. Let w be o(14). Calculate the highest common divisor of 70 and w.
14
Let l(h) = 153*h**2 + 6*h - 3. Let m be l(2). Suppose 2*s + 4*u = 394, 8*s - m = 5*s + 4*u. Calculate the highest common divisor of s and 7.
7
Let p be 3/2*74*39/(-117)*-1. Calculate the highest common divisor of 16021 and p.
37
Suppose 4*w + 2*a = 284 + 62, -a = w - 89. Calculate the highest common divisor of w and 708.
12
Let v be 565*-3*6/18. Let g = -547 - v. Calculate the highest common factor of g and 1314.
18
Suppose 2*z = 58 + 30. Let q = 46 + z. Let b be (q/4)/(15/30). What is the highest common factor of 105 and b?
15
Suppose -2*m - 132 = -5*q, -104*q = -101*q + m - 77. What is the highest common factor of q and 5525?
13
Let y = -33 + -49. Let x = y - -131. Suppose 2*o = -13 + x. What is the greatest common divisor of o and 6?
6
Let o = 464 - 434. Suppose 5*x - 10*x + o = 0. Calculate the highest common factor of x and 114.
6
Let k = -426 - -944. Suppose -362 = -11*d + k. Calculate the highest common divisor of 56 and d.
8
Let k(n) = 102*n + 5. Let z be 94/8 - (-2 + 4)/(-8). Let p be 1*-2 + z/3. Let h be k(p). What is the greatest common divisor of 19 and h?
19
Let b be (1 - 54)*(760/(-38) + 0 + -5). Calculate the highest common divisor of b and 901.
53
Let b(z) = z**2 + 2*z - 4. Let g be b(-4). Let a(s) = 3*s + 43. Let y be a(-14). Let m be y*(-1 + 5)/g*28. Calculate the highest common divisor of 8 and m.
4
Let g(t) = -t**2 - 149*t - 2465. Let v be g(-128). What is the greatest common factor of 6021 and v?
223
Let o(a) = -1679*a - 205. Let b be o(-3). Calculate the greatest common factor of 32 and b.
32
Suppose 0 = 3*l - 4*g - 2, 12*l - 1 = 9*l + 5*g. Suppose -k = 4*d + 3 + 7, l*k - 5*d + 33 = 0. Let z = k - -30. What is the greatest common factor of 208 and z?
16
Suppose 5*x = b + 18, 5*b = -5*x + 15 + 15. Suppose -2*f = -2*h - 194, 278 = 3*f - b*h - 15. Calculate the highest common divisor of f and 9.
9
Suppose 0 = -2*g, -g = 5*s - 42 + 7. Suppose 675 = -9*l + 2502. What is the greatest common factor of l and s?
7
Suppose 8*q - 12*q = -132. Let g = q - 25. Suppose -g*b + 2*b + 414 = 0. Calculate the greatest common divisor of b and 23.
23
Let t be 24/5 - (5 + (-52)/10). Suppose 8*g - 3*w + 38 = 3*g, t*w - 5 = 0. Let r = g + 91. What is the greatest common factor of r and 12?
12
Suppose -2*c + 2822 = -216. Let y = c - 1507. Let t = -125 + 257. What is the highest common divisor of t and y?
12
Suppose 0 = 6*h - 2*h - 336. Suppose 0 = 26*w - 21*w - 115. Let o be ((-6)/(-8))/(w/368). What is the highest common divisor of o and h?
12
Let c be ((-111)/6 - -4)*10. Let o = c - -157. Calculate the greatest common factor of 192 and o.
12
Let h b